ose -3*a = c*a - 215. Let x(r) = r**3 + 11*r**2 - 12*r - 42. What is the remainder when x(-5) is divided by a?
39
Suppose c = 8, -25*m - 160 = -27*m + 5*c. Calculate the remainder when 498 is divided by m.
98
Let z(c) = 3*c**2 + 16*c + 5. Let r be z(-5). Suppose -30*u + 27*u + 21 = r. What is the remainder when 29 is divided by u?
1
Let r(m) = -m**2 + m + 1. Let i(n) = 17*n**2 - n - 5. Let q(f) = i(f) + 4*r(f). Let h be q(2). What is the remainder when (h/(-38))/(1/(-66)) is divided by 34?
31
Let x = -142 - -140. Calculate the remainder when 56 is divided by 2*(-1 - -3) - 10*x.
8
Let z(t) be the second derivative of -4*t**3/3 - 7*t**2/2 + t. Let u = 3556019 - 3556013. Calculate the remainder when z(-6) is divided by u.
5
Let j = -66 + 81. Suppose 11 = j*u - 64. Suppose -u*w - 19 = -119. What is the remainder when 39 is divided by w?
19
Suppose 233 = -53*u + 54*u - 5*j, 0 = 4*u + 2*j - 910. Calculate the remainder when u is divided by 108.
12
Suppose -4*p = 231*w - 233*w - 4214, -2*w = 3*p - 3136. Calculate the remainder when p is divided by 350.
0
Let x(p) = -15*p - 146. Let r be x(-12). Suppose -2056 = -r*m - 16. What is the remainder when 236 is divided by m?
56
Suppose -19059 = -78*k - 4785. Calculate the remainder when k is divided by 17.
13
Suppose 230*z - 69291 = -1211. Suppose -5*w - 178 = -573. Calculate the remainder when z is divided by w.
59
Let b(k) = -k**2 + 77*k - 663. Calculate the remainder when b(65) is divided by 97.
20
Suppose 29 = 3*r + 2*u, -r = 480*u - 485*u + 30. What is the remainder when 30 is divided by r?
0
Let o(w) = -4*w + 88. Let d(z) = 4*z - 86. Let g(b) = -5*d(b) - 4*o(b). Let u be g(18). What is the remainder when 40 is divided by (8/u)/(4/42)?
12
Let m(i) = i**2 + 5*i - 5. Let b(u) = u**2 + 87*u + 1844. What is the remainder when b(-33) is divided by m(-7)?
8
Suppose 4*o - 7304 = -4*v, 9151 = -98*o + 103*o + 2*v. What is the remainder when o is divided by 108?
105
Let j = -8265 - -15198. Calculate the remainder when j is divided by 34.
31
Let f(x) = -x + 124. Calculate the remainder when 162 is divided by f(109).
12
Suppose -c - 3*z + 5 + 3 = 0, c + z - 4 = 0. Let q(a) = -a + 11. What is the remainder when q(c) is divided by 5?
4
Calculate the remainder when 1025 is divided by 1 - (-242)/8 - (-19)/1140*-15.
2
Let p = -491 - -494. Let s = 18 - 12. What is the remainder when s is divided by -2*((-6)/10 - p/(-30))?
0
Suppose 4*s - 7 = 5. Suppose -2*k - 5*h - 12 = 0, -4*h - 5 - s = 2*k. Calculate the remainder when 29 is divided by ((-12)/k)/((-6)/22).
7
Suppose 3*o + 1617 + 438 = 3*l, -2*l + 5*o + 1355 = 0. Suppose 9*k - l = -24. Calculate the remainder when k is divided by 27.
20
Let v(j) = -247*j**3 - 58*j**2 - 389*j - 329. Suppose 3*a - 2*a - 29 = -2*i, 5*a - 123 = i. What is the remainder when v(-1) is divided by (4 + 0)*a/2?
49
Suppose -p - 2*o = -17, 2*p - 33 = -3*o + 1. Let z be 2*(-10)/(-16)*1*8. Let s = 54 + z. What is the remainder when s is divided by p?
13
Let b(n) = 5*n**2 + 17*n - 297. What is the remainder when b(7) is divided by 9?
4
Suppose -11112 = -501*t + 38*t. What is the remainder when 13390 is divided by t?
22
Suppose 7*v - 4*v - 96 = 3*z, v + z - 40 = 0. Suppose 0 - v = -4*f. Calculate the remainder when 177 is divided by f.
6
Let n = -528 + 600. Let v(q) = -14*q. Let p be v(-2). Suppose -c + p = -9. Calculate the remainder when n is divided by c.
35
Let x(p) = -2*p + 2. Let j = 21 - 26. Suppose 42 = -57*f + 59*f. Calculate the remainder when f is divided by x(j).
9
Let a(w) = 8*w**2 + 23*w - 70. Let s(c) = c**2 - c + 1. Let g(n) = a(n) - 6*s(n). Calculate the remainder when g(3) is divided by 17.
12
Let x(g) = -g**3 - 6*g**2 + 9*g - 15. Let t = 89 - 97. What is the remainder when 117 is divided by x(t)?
35
Let m be (4 - 7)*64/6. Let z = -164 - m. Let r = z + 202. Calculate the remainder when r is divided by 18.
16
Let p(m) = -m**3 - 4*m**2 + 9*m - 1. What is the remainder when p(-7) is divided by 11 + (11 - (0 - -5))?
15
Suppose 27*u = 9155 - 1028. Let p = -287 + u. What is the remainder when p is divided by 10?
4
Let s(a) = 11*a - 51. Let x be s(6). Suppose x = -3*k, -5*v + k - 50 = -k. Calculate the remainder when (v + -3)/((20/(-25))/4) is divided by 16.
11
Let s = 68180 + -68169. Suppose -4*f - f = -210. Calculate the remainder when f is divided by s.
9
Let a = 4467 - 4023. Calculate the remainder when a is divided by 11.
4
Suppose 3*s - 20 = 5*u + 15, 4*s - u = 41. Calculate the remainder when 229 is divided by s.
9
Suppose 0 = p - 5*q - 60, -q - 4 = -3*q. Suppose -19*v - p = -29*v. Calculate the remainder when 18 is divided by v.
4
Suppose -20*x + 4400 = -2760. Suppose 17*h - 182 = 328. Calculate the remainder when x is divided by h.
28
Let p be (2/6)/(26/(-156)). Calculate the remainder when 37 + (-7 - -8 - (p - -8)) is divided by 18.
14
Suppose -16 = -7*s + 5*s. What is the remainder when (-54)/8*-2 - 24/48 is divided by s?
5
What is the remainder when 35/(-4 - 82/(-20)) is divided by 87?
2
Suppose -4*z = 5*t + 9 + 2, -3*z = 5*t + 2. What is the remainder when 9 - (9 - z) - -127 is divided by 17?
16
Suppose -65*f = 4*q - 64*f - 124, f + 4 = 0. What is the remainder when q is divided by 26?
6
Let s(a) = a**2 + 29*a - 37. Calculate the remainder when 620 is divided by s(-31).
20
Suppose 96*s = 94*s - 176. Let d = s + 91. What is the remainder when ((-18)/2)/(d/(-57)) is divided by 43?
42
Suppose -4*p = v - 8, -5*v - 5 = -3*p + 24. Suppose -4*a - p + 227 = 0. Suppose -136 = -8*y + a. What is the remainder when y is divided by 5?
4
Let q be -13 - 32/(-20)*(-15)/(-6). Let i(o) = -27*o - 237. What is the remainder when 94 is divided by i(q)?
4
Suppose -8*u + 15 = -209. Suppose 4*i - u = -2*l, 5*l = 4*i - 0*l - 14. Suppose -i*x + 762 - 192 = 0. Calculate the remainder when x is divided by 24.
23
Let j be (-2)/(-2) - -3 - (2 - 0). Let k be 2/(-7) - 19/7. Calculate the remainder when 37 is divided by (k + 0)/(-3) - -14 - j.
11
What is the remainder when (0 - (-4)/14)/((-16)/(-208264)) is divided by 40?
39
Let z(a) = 708*a - 925. What is the remainder when z(2) is divided by 479?
12
Suppose 5*k + 3*g - 776 = 263, -2*k + g = -420. What is the remainder when k is divided by (107 - -55)*(-11)/(-99)?
11
Let b = -2493 - -2503. What is the remainder when 4 - (3 + -1) - -52 is divided by b?
4
Let t(q) = 213*q**2 + 54*q - 228. What is the remainder when t(4) is divided by 13?
3
Let v be (-113 + 35)/((-1)/(2/3)). Suppose 2*k - 74 = v. What is the remainder when k is divided by 10?
3
Suppose 5*z = -4*i + 45, -11*i + 4*z - 12 = -13*i. Calculate the remainder when 376 is divided by i.
16
What is the remainder when 27 is divided by ((-4)/9)/((-192)/2592)?
3
What is the remainder when 350 is divided by (-3)/(-4) - (-40803)/348?
114
Let x(r) = 2*r**2 - 3*r - 4. Suppose 4 = 2*t + 2*t, 3*m - 3*t = 195. Let o = m - 71. What is the remainder when 181 is divided by x(o)?
59
Suppose -51*o + 7020 = 66*o. What is the remainder when 670 is divided by o?
10
Let t = 73 + -39. Calculate the remainder when 366 is divided by t.
26
Let k(x) = 5*x**2 - 487*x - 2454. What is the remainder when 216 is divided by k(-5)?
4
Suppose -15 + 460 = 5*t. Suppose 101*m - 107*m = 36. What is the remainder when t is divided by (2/m)/(4 - (-471)/(-117))?
11
Let m = 1218 - -827. Let w = m - 1452. What is the remainder when w is divided by 54?
53
Let t = 9 + 28. Suppose 2032 = 4*b + 9*l - 5*l, 4*b - 2053 = 3*l. Suppose -b = -f - 327. Calculate the remainder when f is divided by t.
36
Suppose -15 = -5*h, -9*x - h = -14*x + 2. Suppose 19 = 4*q - x. Calculate the remainder when 25 is divided by q.
0
Let c = 136 + -135. Suppose 3*k + 12 = 7*k - 2*f, f - 9 = -k. What is the remainder when k is divided by c?
0
Suppose 2*x - 5*g = 7*x + 435, 2*x + 186 = 2*g. Let t(s) = 3*s**2 - 7*s + 14. Let q be t(7). Let p = q + x. Calculate the remainder when 82 is divided by p.
16
Let i(h) = 2*h**3 - 546*h**2 - 17*h + 4708. Let t = 11 + 16. What is the remainder when i(273) is divided by t?
13
Let o(z) = -13*z - 50. Let x be o(-12). Let k = 18 - 52. Let f = x + k. What is the remainder when f is divided by 29?
14
Suppose -3*q = -3*j - 309, 2*q + 0*j = 5*j + 212. Let z = 246 + -149. Suppose 112 = -z*v + q*v. What is the remainder when 79 is divided by v